480?
4
What is the hundred thousands digit of 702197?
7
What is the ten thousands digit of 2967222?
6
What is the units digit of 628716?
6
What is the hundred thousands digit of 1476052?
4
What is the tens digit of 421858?
5
What is the ten thousands digit of 786019?
8
What is the hundreds digit of 333370?
3
What is the units digit of 944465?
5
What is the ten thousands digit of 29157647?
5
What is the thousands digit of 8639455?
9
What is the thousands digit of 744769?
4
What is the hundreds digit of 525243?
2
What is the hundred thousands digit of 182332?
1
What is the units digit of 4176967?
7
What is the millions digit of 1404980?
1
What is the units digit of 1844281?
1
What is the ten thousands digit of 4036221?
3
What is the millions digit of 3343735?
3
What is the ten thousands digit of 1358681?
5
What is the ten thousands digit of 45650?
4
What is the thousands digit of 320947?
0
What is the tens digit of 229921?
2
What is the tens digit of 67339?
3
What is the ten thousands digit of 88315?
8
What is the millions digit of 3859058?
3
What is the millions digit of 2460746?
2
What is the thousands digit of 120832?
0
What is the units digit of 263097?
7
What is the tens digit of 30856043?
4
What is the hundred thousands digit of 4370323?
3
What is the hundreds digit of 4770066?
0
What is the units digit of 100107?
7
What is the hundreds digit of 2366947?
9
What is the thousands digit of 2154416?
4
What is the tens digit of 537233?
3
What is the units digit of 522193?
3
What is the units digit of 7357389?
9
What is the hundreds digit of 1766318?
3
What is the thousands digit of 11296378?
6
What is the hundreds digit of 11876060?
0
What is the tens digit of 343484?
8
What is the hundred thousands digit of 3070207?
0
What is the millions digit of 1497440?
1
What is the ten thousands digit of 3792930?
9
What is the tens digit of 414153?
5
What is the thousands digit of 5673273?
3
What is the hundred thousands digit of 518623?
5
What is the ten thousands digit of 9203654?
0
What is the ten thousands digit of 2224834?
2
What is the hundred thousands digit of 562775?
5
What is the units digit of 262819?
9
What is the millions digit of 6765921?
6
What is the hundreds digit of 2158026?
0
What is the ten thousands digit of 256577?
5
What is the millions digit of 1107190?
1
What is the tens digit of 2815134?
3
What is the units digit of 680186?
6
What is the ten thousands digit of 87377?
8
What is the ten thousands digit of 13520488?
2
What is the hundreds digit of 210748?
7
What is the ten millions digit of 14940358?
1
What is the thousands digit of 1771750?
1
What is the ten thousands digit of 4820799?
2
What is the hundred thousands digit of 169907?
1
What is the units digit of 50960?
0
What is the thousands digit of 33761?
3
What is the units digit of 1329155?
5
What is the tens digit of 14296960?
6
What is the units digit of 1556646?
6
What is the ten thousands digit of 5985409?
8
What is the ten thousands digit of 3284523?
8
What is the thousands digit of 407088?
7
What is the hundred thousands digit of 332792?
3
What is the hundreds digit of 24949?
9
What is the ten thousands digit of 1338868?
3
What is the hundred thousands digit of 19342319?
3
What is the tens digit of 1311060?
6
What is the millions digit of 31039601?
1
What is the hundreds digit of 283196?
1
What is the millions digit of 6952098?
6
What is the hundred thousands digit of 184118?
1
What is the hundreds digit of 3369968?
9
What is the hundreds digit of 38391?
3
What is the ten thousands digit of 11767037?
6
What is the units digit of 8690545?
5
What is the thousands digit of 615724?
5
What is the ten thousands digit of 831617?
3
What is the hundreds digit of 11545?
5
What is the ten millions digit of 29323993?
2
What is the millions digit of 9801891?
9
What is the tens digit of 1667803?
0
What is the tens digit of 2422491?
9
What is the thousands digit of 20147346?
7
What is the hundred thousands digit of 12855756?
8
What is the units digit of 966372?
2
What is the units digit of 644115?
5
What is the millions digit of 16645546?
6
What is the thousands digit of 1405897?
5
What is the ten millions digit of 16787013?
1
What is the ten thousands digit of 14575724?
7
What is the tens digit of 2243?
4
What is the hundred thousands digit of 536881?
5
What is the tens digit of 1156374?
7
What is the thousands digit of 787636?
7
What is the millions digit of 8013713?
8
What is the units digit of 327610?
0
What is the hundreds digit of 3679867?
8
What is the millions digit of 3315356?
3
What is the hundreds digit of 2414149?
1
What is the tens digit of 109230?
3
What is the hundred thousands digit of 7029630?
0
What is the units digit of 506187?
7
What is the hundreds digit of 9417518?
5
What is the ten millions digit of 13086180?
1
What is the tens digit of 582816?
1
What is the hundred thousands digit of 11071922?
0
What is the hundred thousands digit of 4215473?
2
What is the hundreds digit of 3109039?
0
What is the hundred thousands digit of 829673?
8
What is the hundreds digit of 635683?
6
What is the thousands digit of 1037350?
7
What is the millions digit of 1652798?
1
What is the tens digit of 2738255?
5
What is the hundreds digit of 82242?
2
What is the units digit of 6765822?
2
What is the millions digit of 1092574?
1
What is the hundred thousands digit of 20451529?
4
What is the thousands digit of 17606329?
6
What is the tens digit of 630225?
2
What is the hundred thousands digit of 310912?
3
What is the ten thousands digit of 108057?
0
What is the units digit of 3038760?
0
What is the millions digit of 2461733?
2
What is the ten thousands digit of 84245?
8
What is the millions digit of 5455523?
5
What is the hundred thousands digit of 16376406?
3
What is the ten thousands digit of 26221?
2
What is the ten thousands digit of 225064?
2
What is the tens digit of 7421807?
0
What is the hundred thousands digit of 122180?
1
What is the thousands digit of 22717148?
7
What is the hundred thousands digit of 1066511?
0
What is the tens digit of 31852?
5
What is the millions digit of 19298719?
9
What is the thousands digit of 8403034?
3
What is the hundreds digit of 445650?
6
What is the ten thousands digit of 554198?
5
What is the millions digit of 7259450?
7
What is the tens digit of 96950?
5
What is the ten thousands digit of 69681?
6
What is the tens digit of 40494?
9
What is the thousands digit of 1254928?
4
What is the units digit of 4855816?
6
What is the units digit of 1042137?
7
What is the thousands digit of 293893?
3
What is the tens digit of 4909903?
0
What is the hundred thousands digit of 8067928?
0
What is the ten thousands digit of 5192378?
9
What is the hundreds digit of 5613420?
4
What is the millions digit of 13475124?
3
What is the units digit of 258021?
1
What is the millions digit of 28046127?
8
What is the units digit of 1636781?
1
What is the thousands digit of 95724?
5
What is the millions digit of 6833559?
6
What is the hundred thousands digit of 854461?
8
What is the tens digit of 3487207?
0
What is the ten thousands digit of 11254057?
5
What is the tens digit of 2221931?
3
What is the thousands digit of 9405939?
5
What is the tens digit of 465367?
6
What is the hundreds digit of 53748?
7
What is the hundreds digit of 1706030?
0
What is the ten thousands digit of 97410?
9
What is the units digit of 352198?
8
What is the tens digit of 856142?
4
What is the thousands digit of 11471172?
1
What is the millions digit of 1450011?
1
What is the millions digit of 9862327?
9
What is the hundred thousands digit of 892069?
8
What is the tens digit of 76?
7
What is the hundred thousands digit of 6176241?
1
What is the tens digit of 155129?
2
What is the units digit of 98447?
7
What is the units digit of 24153531?
1
What is the thousands digit of 379769?
9
What is the ten thousands digit of 5152535?
5
What is the hundreds digit of 567701?
7
What is the hundreds digit of 866919?
9
What is the tens digit of 29105858?
5
What is the units digit of 23895?
5
What is the thousands digit of 2103625?
3
What is the thousands digit of 2900140?
0
What is the ten thousands digit of 325665?
2
What is the millions digit of 16078476?
6
What is the millions digit of 21752872?
1
Wha